{"id":366,"date":"2024-12-22T15:49:46","date_gmt":"2024-12-22T15:49:46","guid":{"rendered":"https:\/\/abogadobarrios.com\/?page_id=366"},"modified":"2024-12-24T00:57:28","modified_gmt":"2024-12-24T00:57:28","slug":"asuntos-mercantiles","status":"publish","type":"page","link":"https:\/\/abogadobarriosmx.com\/?page_id=366","title":{"rendered":"ASUNTOS MERCANTILES"},"content":{"rendered":"\t\t<div data-elementor-type=\"wp-page\" data-elementor-id=\"366\" class=\"elementor elementor-366\">\n\t\t\t\t<div class=\"elementor-element elementor-element-58956c95 e-flex e-con-boxed e-con e-parent\" data-id=\"58956c95\" data-element_type=\"container\">\n\t\t\t\t\t<div class=\"e-con-inner\">\n\t\t\t\t<div class=\"elementor-element elementor-element-13ccc0e3 elementor-widget elementor-widget-text-editor\" data-id=\"13ccc0e3\" data-element_type=\"widget\" data-widget_type=\"text-editor.default\">\n\t\t\t\t<div class=\"elementor-widget-container\">\n\t\t\t\t\t\t\t\t\t<p><img decoding=\"async\" class=\"alignnone wp-image-630\" src=\"https:\/\/abogadobarrios.com\/wp-content\/uploads\/2024\/12\/Mercantil-300x72.png\" alt=\"\" width=\"358\" height=\"86\" srcset=\"https:\/\/abogadobarriosmx.com\/wp-content\/uploads\/2024\/12\/Mercantil-300x72.png 300w, https:\/\/abogadobarriosmx.com\/wp-content\/uploads\/2024\/12\/Mercantil-1024x245.png 1024w, https:\/\/abogadobarriosmx.com\/wp-content\/uploads\/2024\/12\/Mercantil-768x184.png 768w, https:\/\/abogadobarriosmx.com\/wp-content\/uploads\/2024\/12\/Mercantil.png 1529w\" sizes=\"(max-width: 358px) 100vw, 358px\" \/><\/p><p><span style=\"color: #000000\">El derecho mercantil es una rama del derecho que regula las actividades comerciales, las relaciones jur\u00eddicas entre comerciantes y los actos de comercio. Su objetivo es proporcionar un marco legal claro y estructurado que facilite las transacciones comerciales, promueva la equidad y proteja los derechos e intereses de todas las partes involucradas en el \u00e1mbito mercantil.<\/span><\/p><p>\u00a0<\/p>\t\t\t\t\t\t\t\t<\/div>\n\t\t\t\t<\/div>\n\t\t\t\t\t<\/div>\n\t\t\t\t<\/div>\n\t\t<div class=\"elementor-element elementor-element-e952ab7 e-grid e-con-boxed e-con e-parent\" data-id=\"e952ab7\" data-element_type=\"container\">\n\t\t\t\t\t<div class=\"e-con-inner\">\n\t\t\t\t<div class=\"elementor-element elementor-element-df409b8 elementor-widget elementor-widget-heading\" data-id=\"df409b8\" data-element_type=\"widget\" data-widget_type=\"heading.default\">\n\t\t\t\t<div class=\"elementor-widget-container\">\n\t\t\t\t\t<h2 class=\"elementor-heading-title elementor-size-default\">JUICIO EJECUTIVO MERCANTIL<\/h2>\t\t\t\t<\/div>\n\t\t\t\t<\/div>\n\t\t\t\t<div class=\"elementor-element elementor-element-aab73ae elementor-widget elementor-widget-heading\" data-id=\"aab73ae\" data-element_type=\"widget\" data-widget_type=\"heading.default\">\n\t\t\t\t<div class=\"elementor-widget-container\">\n\t\t\t\t\t<h2 class=\"elementor-heading-title elementor-size-default\">MEDIOS PREPARATORIOS A JUICIO\n<\/h2>\t\t\t\t<\/div>\n\t\t\t\t<\/div>\n\t\t\t\t<div class=\"elementor-element elementor-element-0ceeba5 elementor-widget elementor-widget-heading\" data-id=\"0ceeba5\" data-element_type=\"widget\" data-widget_type=\"heading.default\">\n\t\t\t\t<div class=\"elementor-widget-container\">\n\t\t\t\t\t<h2 class=\"elementor-heading-title elementor-size-default\">PAGAR\u00c9 DIGITAL O ELECTR\u00d3NICO<\/h2>\t\t\t\t<\/div>\n\t\t\t\t<\/div>\n\t\t\t\t\t<\/div>\n\t\t\t\t<\/div>\n\t\t<div class=\"elementor-element elementor-element-79c04a9 e-grid e-con-boxed e-con e-parent\" data-id=\"79c04a9\" data-element_type=\"container\">\n\t\t\t\t\t<div class=\"e-con-inner\">\n\t\t\t\t<div class=\"elementor-element elementor-element-6b8d7b2 elementor-widget elementor-widget-text-editor\" data-id=\"6b8d7b2\" data-element_type=\"widget\" data-widget_type=\"text-editor.default\">\n\t\t\t\t<div class=\"elementor-widget-container\">\n\t\t\t\t\t\t\t\t\t<p><span style=\"color: #000000\">El juicio ejecutivo mercantil es un procedimiento judicial dise\u00f1ado para reclamar el pago de una deuda respaldada por un documento que tiene car\u00e1cter ejecutivo. Este tipo de juicio es com\u00fan en el \u00e1mbito comercial y est\u00e1 regulado por el C\u00f3digo de Comercio. Su prop\u00f3sito es proporcionar una v\u00eda r\u00e1pida y eficaz para que los acreedores puedan recuperar deudas impagadas.<\/span><\/p><h3>\u00a0<\/h3>\t\t\t\t\t\t\t\t<\/div>\n\t\t\t\t<\/div>\n\t\t\t\t<div class=\"elementor-element elementor-element-a5f654d elementor-widget elementor-widget-text-editor\" data-id=\"a5f654d\" data-element_type=\"widget\" data-widget_type=\"text-editor.default\">\n\t\t\t\t<div class=\"elementor-widget-container\">\n\t\t\t\t\t\t\t\t\t<p><span style=\"color: #000000\">Los medios preparatorios a juicio son una serie de diligencias legales que se realizan antes de iniciar un proceso judicial formal. Estos actos tienen como objetivo obtener pruebas, preparar el terreno para el juicio y, en algunos casos, intentar una resoluci\u00f3n anticipada del conflicto. Los medios preparatorios a juicio son regulados por las leyes procesales y pueden ser solicitados por cualquiera de las partes interesadas.<\/span><\/p><h3>\u00a0<\/h3>\t\t\t\t\t\t\t\t<\/div>\n\t\t\t\t<\/div>\n\t\t\t\t<div class=\"elementor-element elementor-element-409d07b elementor-widget elementor-widget-text-editor\" data-id=\"409d07b\" data-element_type=\"widget\" data-widget_type=\"text-editor.default\">\n\t\t\t\t<div class=\"elementor-widget-container\">\n\t\t\t\t\t\t\t\t\t<p><span style=\"color: #000000\">El pagar\u00e9 digital es una versi\u00f3n electr\u00f3nica del pagar\u00e9 tradicional, que es un t\u00edtulo de cr\u00e9dito utilizado para documentar la promesa incondicional de una persona (el deudor o emisor) de pagar una cantidad espec\u00edfica de dinero a otra persona (el acreedor o beneficiario) en una fecha futura o bajo ciertas condiciones.<\/span><\/p>\t\t\t\t\t\t\t\t<\/div>\n\t\t\t\t<\/div>\n\t\t\t\t\t<\/div>\n\t\t\t\t<\/div>\n\t\t<div class=\"elementor-element elementor-element-1c87c09 e-grid e-con-boxed e-con e-parent\" data-id=\"1c87c09\" data-element_type=\"container\">\n\t\t\t\t\t<div class=\"e-con-inner\">\n\t\t\t\t<div class=\"elementor-element elementor-element-69da2e9 elementor-widget elementor-widget-heading\" data-id=\"69da2e9\" data-element_type=\"widget\" data-widget_type=\"heading.default\">\n\t\t\t\t<div class=\"elementor-widget-container\">\n\t\t\t\t\t<h2 class=\"elementor-heading-title elementor-size-default\">CONSTITUCI\u00d3N DE EMPRESA S.A.S.<\/h2>\t\t\t\t<\/div>\n\t\t\t\t<\/div>\n\t\t\t\t<div class=\"elementor-element elementor-element-13c1c2c elementor-widget elementor-widget-heading\" data-id=\"13c1c2c\" data-element_type=\"widget\" data-widget_type=\"heading.default\">\n\t\t\t\t<div class=\"elementor-widget-container\">\n\t\t\t\t\t<h2 class=\"elementor-heading-title elementor-size-default\">ASESOR\u00cdA PARA CREAR EMPRESAS<\/h2>\t\t\t\t<\/div>\n\t\t\t\t<\/div>\n\t\t\t\t<div class=\"elementor-element elementor-element-61cc9e3 elementor-widget elementor-widget-heading\" data-id=\"61cc9e3\" data-element_type=\"widget\" data-widget_type=\"heading.default\">\n\t\t\t\t<div class=\"elementor-widget-container\">\n\t\t\t\t\t<h2 class=\"elementor-heading-title elementor-size-default\">CONTRATOS MERCANTILES<\/h2>\t\t\t\t<\/div>\n\t\t\t\t<\/div>\n\t\t\t\t\t<\/div>\n\t\t\t\t<\/div>\n\t\t<div class=\"elementor-element elementor-element-886bd57 e-grid e-con-boxed e-con e-parent\" data-id=\"886bd57\" data-element_type=\"container\">\n\t\t\t\t\t<div class=\"e-con-inner\">\n\t\t\t\t<div class=\"elementor-element elementor-element-7100271 elementor-widget elementor-widget-text-editor\" data-id=\"7100271\" data-element_type=\"widget\" data-widget_type=\"text-editor.default\">\n\t\t\t\t<div class=\"elementor-widget-container\">\n\t\t\t\t\t\t\t\t\t<p><span style=\"color: #000000\">El juicio ejecutivo mercantil es un procedimiento judicial dise\u00f1ado para reclamar el pago de una deuda respaldada por un documento que tiene car\u00e1cter ejecutivo. Este tipo de juicio es com\u00fan en el \u00e1mbito comercial y est\u00e1 regulado por el C\u00f3digo de Comercio. Su prop\u00f3sito es proporcionar una v\u00eda r\u00e1pida y eficaz para que los acreedores puedan recuperar deudas impagadas.<\/span><\/p><h3>\u00a0<\/h3>\t\t\t\t\t\t\t\t<\/div>\n\t\t\t\t<\/div>\n\t\t\t\t<div class=\"elementor-element elementor-element-8a8fbce elementor-widget elementor-widget-text-editor\" data-id=\"8a8fbce\" data-element_type=\"widget\" data-widget_type=\"text-editor.default\">\n\t\t\t\t<div class=\"elementor-widget-container\">\n\t\t\t\t\t\t\t\t\t<p><span style=\"color: #000000\">Los medios preparatorios a juicio son una serie de diligencias legales que se realizan antes de iniciar un proceso judicial formal. Estos actos tienen como objetivo obtener pruebas, preparar el terreno para el juicio y, en algunos casos, intentar una resoluci\u00f3n anticipada del conflicto. Los medios preparatorios a juicio son regulados por las leyes procesales y pueden ser solicitados por cualquiera de las partes interesadas.<\/span><\/p><h3>\u00a0<\/h3>\t\t\t\t\t\t\t\t<\/div>\n\t\t\t\t<\/div>\n\t\t\t\t<div class=\"elementor-element elementor-element-375be19 elementor-widget elementor-widget-text-editor\" data-id=\"375be19\" data-element_type=\"widget\" data-widget_type=\"text-editor.default\">\n\t\t\t\t<div class=\"elementor-widget-container\">\n\t\t\t\t\t\t\t\t\t<p><span style=\"color: #000000\">El pagar\u00e9 digital es una versi\u00f3n electr\u00f3nica del pagar\u00e9 tradicional, que es un t\u00edtulo de cr\u00e9dito utilizado para documentar la promesa incondicional de una persona (el deudor o emisor) de pagar una cantidad espec\u00edfica de dinero a otra persona (el acreedor o beneficiario) en una fecha futura o bajo ciertas condiciones.<\/span><\/p>\t\t\t\t\t\t\t\t<\/div>\n\t\t\t\t<\/div>\n\t\t\t\t\t<\/div>\n\t\t\t\t<\/div>\n\t\t<div class=\"elementor-element elementor-element-4ba22d7 e-flex e-con-boxed e-con e-parent\" data-id=\"4ba22d7\" data-element_type=\"container\">\n\t\t\t\t\t<div class=\"e-con-inner\">\n\t\t\t\t<div class=\"elementor-element elementor-element-4803605 elementor-widget elementor-widget-text-editor\" data-id=\"4803605\" data-element_type=\"widget\" data-widget_type=\"text-editor.default\">\n\t\t\t\t<div class=\"elementor-widget-container\">\n\t\t\t\t\t\t\t\t\t<p><span style=\"color: #000000\">Es un placer poder brindarles nuestros servicios jur\u00eddicos que pueden ayudarle a resolver sus asuntos en materia Mercantil y proteger sus intereses.<\/span><\/p><p><span style=\"color: #000000\">Si desea contratar nuestros servicios jur\u00eddicios puede enviarnos un mensaje de WhatsApp <a href=\"https:\/\/api.whatsapp.com\/send?phone=+12878810851&amp;text=%C2%A1Hola%20Abogado%20Barrios!%20Necesito%20de%20su%20ayuda%20en%20un%20asunto%20Mercantil.\"><img decoding=\"async\" class=\"alignnone  wp-image-104\" src=\"https:\/\/abogadobarrios.com\/wp-content\/uploads\/2024\/11\/WhatsAppButtonGreenSmall-300x68.png\" alt=\"\" width=\"183\" height=\"42\" srcset=\"https:\/\/abogadobarriosmx.com\/wp-content\/uploads\/2024\/11\/WhatsAppButtonGreenSmall-300x68.png 300w, https:\/\/abogadobarriosmx.com\/wp-content\/uploads\/2024\/11\/WhatsAppButtonGreenSmall.png 320w\" sizes=\"(max-width: 183px) 100vw, 183px\" \/><\/a><br \/>o llamar al: 287 881 0851<\/span><\/p>\t\t\t\t\t\t\t\t<\/div>\n\t\t\t\t<\/div>\n\t\t\t\t\t<\/div>\n\t\t\t\t<\/div>\n\t\t\t\t<\/div>\n\t\t","protected":false},"excerpt":{"rendered":"<p>El derecho mercantil es una rama del derecho que regula las actividades comerciales, las relaciones jur\u00eddicas entre comerciantes y los actos de comercio. Su objetivo es proporcionar un marco legal &#8230;<\/p>\n","protected":false},"author":1,"featured_media":0,"parent":0,"menu_order":0,"comment_status":"closed","ping_status":"closed","template":"template-fullwidth.php","meta":{"footnotes":""},"class_list":["post-366","page","type-page","status-publish","hentry"],"_links":{"self":[{"href":"https:\/\/abogadobarriosmx.com\/index.php?rest_route=\/wp\/v2\/pages\/366","targetHints":{"allow":["GET"]}}],"collection":[{"href":"https:\/\/abogadobarriosmx.com\/index.php?rest_route=\/wp\/v2\/pages"}],"about":[{"href":"https:\/\/abogadobarriosmx.com\/index.php?rest_route=\/wp\/v2\/types\/page"}],"author":[{"embeddable":true,"href":"https:\/\/abogadobarriosmx.com\/index.php?rest_route=\/wp\/v2\/users\/1"}],"replies":[{"embeddable":true,"href":"https:\/\/abogadobarriosmx.com\/index.php?rest_route=%2Fwp%2Fv2%2Fcomments&post=366"}],"version-history":[{"count":49,"href":"https:\/\/abogadobarriosmx.com\/index.php?rest_route=\/wp\/v2\/pages\/366\/revisions"}],"predecessor-version":[{"id":834,"href":"https:\/\/abogadobarriosmx.com\/index.php?rest_route=\/wp\/v2\/pages\/366\/revisions\/834"}],"wp:attachment":[{"href":"https:\/\/abogadobarriosmx.com\/index.php?rest_route=%2Fwp%2Fv2%2Fmedia&parent=366"}],"curies":[{"name":"wp","href":"https:\/\/api.w.org\/{rel}","templated":true}]}}